{"id":36,"date":"2024-09-26T13:36:50","date_gmt":"2024-09-26T11:36:50","guid":{"rendered":"https:\/\/newjukebox.fr\/index.php\/pricing\/"},"modified":"2024-11-07T17:10:34","modified_gmt":"2024-11-07T16:10:34","slug":"pricing","status":"publish","type":"page","link":"https:\/\/newjukebox.fr\/index.php\/pricing\/","title":{"rendered":"Tarifs"},"content":{"rendered":"\t\t<div data-elementor-type=\"wp-page\" data-elementor-id=\"36\" class=\"elementor elementor-36\" data-elementor-post-type=\"page\">\n\t\t\t\t<div class=\"elementor-element elementor-element-29106e80 e-flex e-con-boxed e-con e-parent\" data-id=\"29106e80\" data-element_type=\"container\" data-settings=\"{&quot;background_background&quot;:&quot;classic&quot;}\">\n\t\t\t\t\t<div class=\"e-con-inner\">\n\t\t<div class=\"elementor-element elementor-element-505b908 e-con-full e-flex e-con e-child\" data-id=\"505b908\" data-element_type=\"container\">\n\t\t\t\t<div class=\"elementor-element elementor-element-3baa33ac elementor-invisible elementor-widget elementor-widget-heading\" data-id=\"3baa33ac\" data-element_type=\"widget\" data-settings=\"{&quot;_animation&quot;:&quot;fadeIn&quot;}\" data-widget_type=\"heading.default\">\n\t\t\t\t<div class=\"elementor-widget-container\">\n\t\t\t\t\t<h1 class=\"elementor-heading-title elementor-size-default\">Le juke box qu'il vous faut<\/h1>\t\t\t\t<\/div>\n\t\t\t\t<\/div>\n\t\t\t\t<\/div>\n\t\t<div class=\"elementor-element elementor-element-72d24a1b e-con-full e-flex e-con e-child\" data-id=\"72d24a1b\" data-element_type=\"container\">\n\t\t<div class=\"elementor-element elementor-element-4ad10b4f e-con-full e-flex e-con e-child\" data-id=\"4ad10b4f\" data-element_type=\"container\">\n\t\t\t\t<div class=\"elementor-element elementor-element-4af5503e elementor-invisible elementor-widget elementor-widget-image\" data-id=\"4af5503e\" data-element_type=\"widget\" data-settings=\"{&quot;motion_fx_motion_fx_scrolling&quot;:&quot;yes&quot;,&quot;motion_fx_translateY_effect&quot;:&quot;yes&quot;,&quot;motion_fx_translateY_direction&quot;:&quot;negative&quot;,&quot;motion_fx_translateY_speed&quot;:{&quot;unit&quot;:&quot;px&quot;,&quot;size&quot;:&quot;2&quot;,&quot;sizes&quot;:[]},&quot;motion_fx_devices&quot;:[&quot;desktop&quot;],&quot;_animation&quot;:&quot;fadeIn&quot;,&quot;motion_fx_translateY_affectedRange&quot;:{&quot;unit&quot;:&quot;%&quot;,&quot;size&quot;:&quot;&quot;,&quot;sizes&quot;:{&quot;start&quot;:0,&quot;end&quot;:100}}}\" data-widget_type=\"image.default\">\n\t\t\t\t<div class=\"elementor-widget-container\">\n\t\t\t\t\t\t\t\t\t\t\t\t\t\t\t<img fetchpriority=\"high\" decoding=\"async\" width=\"1080\" height=\"1920\" src=\"https:\/\/newjukebox.fr\/wp-content\/uploads\/2024\/10\/8-1.png\" class=\"attachment-full size-full wp-image-388\" alt=\"\" srcset=\"https:\/\/newjukebox.fr\/wp-content\/uploads\/2024\/10\/8-1.png 1080w, https:\/\/newjukebox.fr\/wp-content\/uploads\/2024\/10\/8-1-169x300.png 169w, https:\/\/newjukebox.fr\/wp-content\/uploads\/2024\/10\/8-1-576x1024.png 576w, https:\/\/newjukebox.fr\/wp-content\/uploads\/2024\/10\/8-1-768x1365.png 768w, https:\/\/newjukebox.fr\/wp-content\/uploads\/2024\/10\/8-1-864x1536.png 864w\" sizes=\"(max-width: 1080px) 100vw, 1080px\" \/>\t\t\t\t\t\t\t\t\t\t\t\t\t\t\t<\/div>\n\t\t\t\t<\/div>\n\t\t\t\t<\/div>\n\t\t<div class=\"elementor-element elementor-element-5a85d149 e-con-full e-flex e-con e-child\" data-id=\"5a85d149\" data-element_type=\"container\">\n\t\t\t\t<div class=\"elementor-element elementor-element-20d89faf elementor-invisible elementor-widget elementor-widget-image\" data-id=\"20d89faf\" data-element_type=\"widget\" data-settings=\"{&quot;motion_fx_motion_fx_scrolling&quot;:&quot;yes&quot;,&quot;motion_fx_translateY_effect&quot;:&quot;yes&quot;,&quot;motion_fx_translateY_speed&quot;:{&quot;unit&quot;:&quot;px&quot;,&quot;size&quot;:&quot;2&quot;,&quot;sizes&quot;:[]},&quot;motion_fx_devices&quot;:[&quot;desktop&quot;],&quot;_animation&quot;:&quot;fadeIn&quot;,&quot;_animation_delay&quot;:&quot;400&quot;,&quot;motion_fx_translateY_affectedRange&quot;:{&quot;unit&quot;:&quot;%&quot;,&quot;size&quot;:&quot;&quot;,&quot;sizes&quot;:{&quot;start&quot;:0,&quot;end&quot;:100}}}\" data-widget_type=\"image.default\">\n\t\t\t\t<div class=\"elementor-widget-container\">\n\t\t\t\t\t\t\t\t\t\t\t\t\t\t\t<img decoding=\"async\" width=\"1080\" height=\"1920\" src=\"https:\/\/newjukebox.fr\/wp-content\/uploads\/2024\/10\/9.png\" class=\"attachment-full size-full wp-image-389\" alt=\"\" srcset=\"https:\/\/newjukebox.fr\/wp-content\/uploads\/2024\/10\/9.png 1080w, https:\/\/newjukebox.fr\/wp-content\/uploads\/2024\/10\/9-169x300.png 169w, https:\/\/newjukebox.fr\/wp-content\/uploads\/2024\/10\/9-576x1024.png 576w, https:\/\/newjukebox.fr\/wp-content\/uploads\/2024\/10\/9-768x1365.png 768w, https:\/\/newjukebox.fr\/wp-content\/uploads\/2024\/10\/9-864x1536.png 864w\" sizes=\"(max-width: 1080px) 100vw, 1080px\" \/>\t\t\t\t\t\t\t\t\t\t\t\t\t\t\t<\/div>\n\t\t\t\t<\/div>\n\t\t\t\t<div class=\"elementor-element elementor-element-286ebee7 elementor-view-framed elementor-widget__width-auto elementor-absolute elementor-shape-circle elementor-invisible elementor-widget elementor-widget-icon\" data-id=\"286ebee7\" data-element_type=\"widget\" data-settings=\"{&quot;_position&quot;:&quot;absolute&quot;,&quot;_animation&quot;:&quot;bounceIn&quot;,&quot;_animation_delay&quot;:&quot;1000&quot;}\" data-widget_type=\"icon.default\">\n\t\t\t\t<div class=\"elementor-widget-container\">\n\t\t\t\t\t\t\t<div class=\"elementor-icon-wrapper\">\n\t\t\t<div class=\"elementor-icon\">\n\t\t\t<svg aria-hidden=\"true\" class=\"e-font-icon-svg e-fas-circle\" viewBox=\"0 0 512 512\" xmlns=\"http:\/\/www.w3.org\/2000\/svg\"><path d=\"M256 8C119 8 8 119 8 256s111 248 248 248 248-111 248-248S393 8 256 8z\"><\/path><\/svg>\t\t\t<\/div>\n\t\t<\/div>\n\t\t\t\t\t\t<\/div>\n\t\t\t\t<\/div>\n\t\t\t\t<\/div>\n\t\t\t\t<\/div>\n\t\t\t\t\t<\/div>\n\t\t\t\t<\/div>\n\t\t<div class=\"elementor-element elementor-element-5efc11ea e-flex e-con-boxed e-con e-parent\" data-id=\"5efc11ea\" data-element_type=\"container\" data-settings=\"{&quot;background_background&quot;:&quot;classic&quot;}\">\n\t\t\t\t\t<div class=\"e-con-inner\">\n\t\t<div class=\"elementor-element elementor-element-7724eda0 e-con-full e-flex e-con e-child\" data-id=\"7724eda0\" data-element_type=\"container\">\n\t\t\t\t<\/div>\n\t\t<div class=\"elementor-element elementor-element-eb4aebc e-con-full e-flex e-con e-child\" data-id=\"eb4aebc\" data-element_type=\"container\" data-settings=\"{&quot;background_background&quot;:&quot;classic&quot;}\">\n\t\t\t\t<div class=\"elementor-element elementor-element-185092c elementor-widget elementor-widget-price-list\" data-id=\"185092c\" data-element_type=\"widget\" data-widget_type=\"price-list.default\">\n\t\t\t\t<div class=\"elementor-widget-container\">\n\t\t\t\t\t\n\t\t<ul class=\"elementor-price-list\">\n\n\t\t\t\t\t\t\t\t\t<li><a class=\"elementor-price-list-item\" href=\"#\">\t\t\t\t\n\t\t\t\t<div class=\"elementor-price-list-text\">\n\t\t\t\t\t\t\t\t\t<div class=\"elementor-price-list-header\">\n\t\t\t\t\t\t\t\t\t\t\t<span class=\"elementor-price-list-title\">\n\t\t\t\t\t\t\tLocation New Juke Box\t\t\t\t\t\t<\/span>\n\t\t\t\t\t\t\t\t\t\t\t\t\t\t\t\t\t\t<span class=\"elementor-price-list-separator\"><\/span>\n\t\t\t\t\t\t\t\t\t\t\t\t\t\t\t\t\t\t\t<span class=\"elementor-price-list-price\">350 \u20ac<\/span>\n\t\t\t\t\t\t\t\t\t\t<\/div>\n\t\t\t\t\t\t\t\t\t\t\t\t\t\t\t<p class=\"elementor-price-list-description\">\n\t\t\t\t\t\t\tMontage, d\u00e9montage, installation et assistance technique inclus\t\t\t\t\t\t<\/p>\n\t\t\t\t\t\t\t\t<\/div>\n\t\t\t\t<\/a><\/li>\t\t\t\t\t\t\t\t\t\t\t\t<li><a class=\"elementor-price-list-item\" href=\"#\">\t\t\t\t\n\t\t\t\t<div class=\"elementor-price-list-text\">\n\t\t\t\t\t\t\t\t\t<div class=\"elementor-price-list-header\">\n\t\t\t\t\t\t\t\t\t\t\t<span class=\"elementor-price-list-title\">\n\t\t\t\t\t\t\tLumi\u00e8res suppl\u00e9mentaires\t\t\t\t\t\t<\/span>\n\t\t\t\t\t\t\t\t\t\t\t\t\t\t\t\t\t\t<span class=\"elementor-price-list-separator\"><\/span>\n\t\t\t\t\t\t\t\t\t\t\t\t\t\t\t\t\t\t\t<span class=\"elementor-price-list-price\">100 \u20ac<\/span>\n\t\t\t\t\t\t\t\t\t\t<\/div>\n\t\t\t\t\t\t\t\t\t\t\t\t<\/div>\n\t\t\t\t<\/a><\/li>\t\t\t\t\t\t\t\t\t\t\t\t<li><a class=\"elementor-price-list-item\" href=\"#\">\t\t\t\t\n\t\t\t\t<div class=\"elementor-price-list-text\">\n\t\t\t\t\t\t\t\t\t<div class=\"elementor-price-list-header\">\n\t\t\t\t\t\t\t\t\t\t\t<span class=\"elementor-price-list-title\">\n\t\t\t\t\t\t\tFa\u00e7ade personnalis\u00e9e\t\t\t\t\t\t<\/span>\n\t\t\t\t\t\t\t\t\t\t\t\t\t\t\t\t\t\t<span class=\"elementor-price-list-separator\"><\/span>\n\t\t\t\t\t\t\t\t\t\t\t\t\t\t\t\t\t\t\t<span class=\"elementor-price-list-price\">\u00e0  partir de 50 \u20ac<\/span>\n\t\t\t\t\t\t\t\t\t\t<\/div>\n\t\t\t\t\t\t\t\t\t\t\t\t<\/div>\n\t\t\t\t<\/a><\/li>\t\t\t\t\t\t\t\t\t\t\t\t<li><a class=\"elementor-price-list-item\" href=\"#\">\t\t\t\t\n\t\t\t\t<div class=\"elementor-price-list-text\">\n\t\t\t\t\t\t\t\t\t<div class=\"elementor-price-list-header\">\n\t\t\t\t\t\t\t\t\t\t\t<span class=\"elementor-price-list-title\">\n\t\t\t\t\t\t\tMachine \u00e0 fum\u00e9e\t\t\t\t\t\t<\/span>\n\t\t\t\t\t\t\t\t\t\t\t\t\t\t\t\t\t\t<span class=\"elementor-price-list-separator\"><\/span>\n\t\t\t\t\t\t\t\t\t\t\t\t\t\t\t\t\t\t\t<span class=\"elementor-price-list-price\">40 \u20ac<\/span>\n\t\t\t\t\t\t\t\t\t\t<\/div>\n\t\t\t\t\t\t\t\t\t\t\t\t<\/div>\n\t\t\t\t<\/a><\/li>\t\t\t\t\t\t\t\t\t\t\t\t<li><a class=\"elementor-price-list-item\" href=\"#\">\t\t\t\t\n\t\t\t\t<div class=\"elementor-price-list-text\">\n\t\t\t\t\t\t\t\t\t<div class=\"elementor-price-list-header\">\n\t\t\t\t\t\t\t\t\t\t\t<span class=\"elementor-price-list-title\">\n\t\t\t\t\t\t\tDeuxi\u00e8me micro\t\t\t\t\t\t<\/span>\n\t\t\t\t\t\t\t\t\t\t\t\t\t\t\t\t\t\t<span class=\"elementor-price-list-separator\"><\/span>\n\t\t\t\t\t\t\t\t\t\t\t\t\t\t\t\t\t\t\t<span class=\"elementor-price-list-price\">20 \u20ac<\/span>\n\t\t\t\t\t\t\t\t\t\t<\/div>\n\t\t\t\t\t\t\t\t\t\t\t\t<\/div>\n\t\t\t\t<\/a><\/li>\t\t\t\t\t\n\t\t<\/ul>\n\n\t\t\t\t\t\t<\/div>\n\t\t\t\t<\/div>\n\t\t\t\t<div class=\"elementor-element elementor-element-7386562 elementor-widget elementor-widget-menu-anchor\" data-id=\"7386562\" data-element_type=\"widget\" data-widget_type=\"menu-anchor.default\">\n\t\t\t\t<div class=\"elementor-widget-container\">\n\t\t\t\t\t\t\t<div class=\"elementor-menu-anchor\" id=\"FAQ\"><\/div>\n\t\t\t\t\t\t<\/div>\n\t\t\t\t<\/div>\n\t\t\t\t<\/div>\n\t\t\t\t\t<\/div>\n\t\t\t\t<\/div>\n\t\t<div class=\"elementor-element elementor-element-6f13b74a e-flex e-con-boxed e-con e-parent\" data-id=\"6f13b74a\" data-element_type=\"container\" data-settings=\"{&quot;background_background&quot;:&quot;classic&quot;}\">\n\t\t\t\t\t<div class=\"e-con-inner\">\n\t\t<div class=\"elementor-element elementor-element-3441afa e-con-full e-flex e-con e-child\" data-id=\"3441afa\" data-element_type=\"container\">\n\t\t\t\t<div class=\"elementor-element elementor-element-127374c3 elementor-widget elementor-widget-heading\" data-id=\"127374c3\" data-element_type=\"widget\" data-widget_type=\"heading.default\">\n\t\t\t\t<div class=\"elementor-widget-container\">\n\t\t\t\t\t<h2 class=\"elementor-heading-title elementor-size-default\">F.A.Q.<\/h2>\t\t\t\t<\/div>\n\t\t\t\t<\/div>\n\t\t\t\t<div class=\"elementor-element elementor-element-22520854 elementor-widget elementor-widget-text-editor\" data-id=\"22520854\" data-element_type=\"widget\" data-widget_type=\"text-editor.default\">\n\t\t\t\t<div class=\"elementor-widget-container\">\n\t\t\t\t\t\t\t\t\t<p>Tout savoir sur New Juke Box<\/p>\t\t\t\t\t\t\t\t<\/div>\n\t\t\t\t<\/div>\n\t\t\t\t<\/div>\n\t\t<div class=\"elementor-element elementor-element-7520bace e-con-full e-flex e-con e-child\" data-id=\"7520bace\" data-element_type=\"container\">\n\t\t\t\t<div class=\"elementor-element elementor-element-37a4408b elementor-widget elementor-widget-toggle\" data-id=\"37a4408b\" data-element_type=\"widget\" data-widget_type=\"toggle.default\">\n\t\t\t\t<div class=\"elementor-widget-container\">\n\t\t\t\t\t\t\t<div class=\"elementor-toggle\">\n\t\t\t\t\t\t\t<div class=\"elementor-toggle-item\">\n\t\t\t\t\t<div id=\"elementor-tab-title-9331\" class=\"elementor-tab-title\" data-tab=\"1\" role=\"button\" aria-controls=\"elementor-tab-content-9331\" aria-expanded=\"false\">\n\t\t\t\t\t\t\t\t\t\t\t\t<span class=\"elementor-toggle-icon elementor-toggle-icon-right\" aria-hidden=\"true\">\n\t\t\t\t\t\t\t\t\t\t\t\t\t\t\t<span class=\"elementor-toggle-icon-closed\"><svg xmlns=\"http:\/\/www.w3.org\/2000\/svg\" id=\"b965be64-b78b-4cc3-8ce7-fe76fecb7e9c\" data-name=\"Layer 1\" width=\"21.9999\" height=\"11.0001\" viewBox=\"0 0 21.9999 11.0001\"><path d=\"M21.7256.312A1,1,0,0,0,20.3115.2744l-8.8384,8.38L1.65.2407A1,1,0,0,0,.35,1.7593L10.8569,10.76a1,1,0,0,0,1.3384-.0342l9.4932-9A1,1,0,0,0,21.7256.312Z\" transform=\"translate(-0.0001 0.0001)\"><\/path><\/svg><\/span>\n\t\t\t\t\t\t\t\t<span class=\"elementor-toggle-icon-opened\"><svg xmlns=\"http:\/\/www.w3.org\/2000\/svg\" id=\"b4b3ebcf-ec50-4f66-89f6-48922246b015\" data-name=\"Layer 1\" width=\"21.9999\" height=\"11.0001\" viewBox=\"0 0 21.9999 11.0001\"><path d=\"M.2745,10.6879a1,1,0,0,0,1.4141.0376l8.8384-8.38L20.35,10.7592a1,1,0,0,0,1.3008-1.5186L11.1432.24A1,1,0,0,0,9.8048.2743l-9.4932,9A1,1,0,0,0,.2745,10.6879Z\" transform=\"translate(-0.0001 0.0001)\"><\/path><\/svg><\/span>\n\t\t\t\t\t\t\t\t\t\t\t\t\t<\/span>\n\t\t\t\t\t\t\t\t\t\t\t\t<a class=\"elementor-toggle-title\" tabindex=\"0\">Que comprend le NewJukeBox ?<\/a>\n\t\t\t\t\t<\/div>\n\n\t\t\t\t\t<div id=\"elementor-tab-content-9331\" class=\"elementor-tab-content elementor-clearfix\" data-tab=\"1\" role=\"region\" aria-labelledby=\"elementor-tab-title-9331\"><p>NewJukeBox inclut :<\/p><ul><li>Du mat\u00e9riel de son professionnel<\/li><li>Des jeux de lumi\u00e8res pour cr\u00e9er l\u2019ambiance de votre choix<\/li><li>Une machine \u00e0 fum\u00e9e en option<\/li><li>Un micro sans fil (deuxi\u00e8me micro en option)<\/li><li>Une interface tactile pour contr\u00f4ler le son et les lumi\u00e8res<\/li><\/ul><\/div>\n\t\t\t\t<\/div>\n\t\t\t\t\t\t\t<div class=\"elementor-toggle-item\">\n\t\t\t\t\t<div id=\"elementor-tab-title-9332\" class=\"elementor-tab-title\" data-tab=\"2\" role=\"button\" aria-controls=\"elementor-tab-content-9332\" aria-expanded=\"false\">\n\t\t\t\t\t\t\t\t\t\t\t\t<span class=\"elementor-toggle-icon elementor-toggle-icon-right\" aria-hidden=\"true\">\n\t\t\t\t\t\t\t\t\t\t\t\t\t\t\t<span class=\"elementor-toggle-icon-closed\"><svg xmlns=\"http:\/\/www.w3.org\/2000\/svg\" id=\"b965be64-b78b-4cc3-8ce7-fe76fecb7e9c\" data-name=\"Layer 1\" width=\"21.9999\" height=\"11.0001\" viewBox=\"0 0 21.9999 11.0001\"><path d=\"M21.7256.312A1,1,0,0,0,20.3115.2744l-8.8384,8.38L1.65.2407A1,1,0,0,0,.35,1.7593L10.8569,10.76a1,1,0,0,0,1.3384-.0342l9.4932-9A1,1,0,0,0,21.7256.312Z\" transform=\"translate(-0.0001 0.0001)\"><\/path><\/svg><\/span>\n\t\t\t\t\t\t\t\t<span class=\"elementor-toggle-icon-opened\"><svg xmlns=\"http:\/\/www.w3.org\/2000\/svg\" id=\"b4b3ebcf-ec50-4f66-89f6-48922246b015\" data-name=\"Layer 1\" width=\"21.9999\" height=\"11.0001\" viewBox=\"0 0 21.9999 11.0001\"><path d=\"M.2745,10.6879a1,1,0,0,0,1.4141.0376l8.8384-8.38L20.35,10.7592a1,1,0,0,0,1.3008-1.5186L11.1432.24A1,1,0,0,0,9.8048.2743l-9.4932,9A1,1,0,0,0,.2745,10.6879Z\" transform=\"translate(-0.0001 0.0001)\"><\/path><\/svg><\/span>\n\t\t\t\t\t\t\t\t\t\t\t\t\t<\/span>\n\t\t\t\t\t\t\t\t\t\t\t\t<a class=\"elementor-toggle-title\" tabindex=\"0\">Est-il compatible avec mes appareils ?<\/a>\n\t\t\t\t\t<\/div>\n\n\t\t\t\t\t<div id=\"elementor-tab-content-9332\" class=\"elementor-tab-content elementor-clearfix\" data-tab=\"2\" role=\"region\" aria-labelledby=\"elementor-tab-title-9332\"><p>Oui, le NewJukeBox est compatible avec les appareils Bluetooth et RCA, ce qui vous permet de diffuser de la musique \u00e0 partir de votre t\u00e9l\u00e9phone, tablette ou ordinateur. Vous pouvez aussi le connecter \u00e0 un syst\u00e8me de son d\u00e9j\u00e0 en place.<\/p><\/div>\n\t\t\t\t<\/div>\n\t\t\t\t\t\t\t<div class=\"elementor-toggle-item\">\n\t\t\t\t\t<div id=\"elementor-tab-title-9333\" class=\"elementor-tab-title\" data-tab=\"3\" role=\"button\" aria-controls=\"elementor-tab-content-9333\" aria-expanded=\"false\">\n\t\t\t\t\t\t\t\t\t\t\t\t<span class=\"elementor-toggle-icon elementor-toggle-icon-right\" aria-hidden=\"true\">\n\t\t\t\t\t\t\t\t\t\t\t\t\t\t\t<span class=\"elementor-toggle-icon-closed\"><svg xmlns=\"http:\/\/www.w3.org\/2000\/svg\" id=\"b965be64-b78b-4cc3-8ce7-fe76fecb7e9c\" data-name=\"Layer 1\" width=\"21.9999\" height=\"11.0001\" viewBox=\"0 0 21.9999 11.0001\"><path d=\"M21.7256.312A1,1,0,0,0,20.3115.2744l-8.8384,8.38L1.65.2407A1,1,0,0,0,.35,1.7593L10.8569,10.76a1,1,0,0,0,1.3384-.0342l9.4932-9A1,1,0,0,0,21.7256.312Z\" transform=\"translate(-0.0001 0.0001)\"><\/path><\/svg><\/span>\n\t\t\t\t\t\t\t\t<span class=\"elementor-toggle-icon-opened\"><svg xmlns=\"http:\/\/www.w3.org\/2000\/svg\" id=\"b4b3ebcf-ec50-4f66-89f6-48922246b015\" data-name=\"Layer 1\" width=\"21.9999\" height=\"11.0001\" viewBox=\"0 0 21.9999 11.0001\"><path d=\"M.2745,10.6879a1,1,0,0,0,1.4141.0376l8.8384-8.38L20.35,10.7592a1,1,0,0,0,1.3008-1.5186L11.1432.24A1,1,0,0,0,9.8048.2743l-9.4932,9A1,1,0,0,0,.2745,10.6879Z\" transform=\"translate(-0.0001 0.0001)\"><\/path><\/svg><\/span>\n\t\t\t\t\t\t\t\t\t\t\t\t\t<\/span>\n\t\t\t\t\t\t\t\t\t\t\t\t<a class=\"elementor-toggle-title\" tabindex=\"0\">NewJukeBox est-il difficile \u00e0 installer ?<\/a>\n\t\t\t\t\t<\/div>\n\n\t\t\t\t\t<div id=\"elementor-tab-content-9333\" class=\"elementor-tab-content elementor-clearfix\" data-tab=\"3\" role=\"region\" aria-labelledby=\"elementor-tab-title-9333\"><p>Pas du tout ! Nous nous occupons de la livraison, de l\u2019installation et du d\u00e9montage du mat\u00e9riel. Une fois le NewJukeBox install\u00e9, il vous suffit d&#8217;utiliser l&#8217;interface tactile pour ajuster le son et les lumi\u00e8res selon vos pr\u00e9f\u00e9rences.<\/p><\/div>\n\t\t\t\t<\/div>\n\t\t\t\t\t\t\t<div class=\"elementor-toggle-item\">\n\t\t\t\t\t<div id=\"elementor-tab-title-9334\" class=\"elementor-tab-title\" data-tab=\"4\" role=\"button\" aria-controls=\"elementor-tab-content-9334\" aria-expanded=\"false\">\n\t\t\t\t\t\t\t\t\t\t\t\t<span class=\"elementor-toggle-icon elementor-toggle-icon-right\" aria-hidden=\"true\">\n\t\t\t\t\t\t\t\t\t\t\t\t\t\t\t<span class=\"elementor-toggle-icon-closed\"><svg xmlns=\"http:\/\/www.w3.org\/2000\/svg\" id=\"b965be64-b78b-4cc3-8ce7-fe76fecb7e9c\" data-name=\"Layer 1\" width=\"21.9999\" height=\"11.0001\" viewBox=\"0 0 21.9999 11.0001\"><path d=\"M21.7256.312A1,1,0,0,0,20.3115.2744l-8.8384,8.38L1.65.2407A1,1,0,0,0,.35,1.7593L10.8569,10.76a1,1,0,0,0,1.3384-.0342l9.4932-9A1,1,0,0,0,21.7256.312Z\" transform=\"translate(-0.0001 0.0001)\"><\/path><\/svg><\/span>\n\t\t\t\t\t\t\t\t<span class=\"elementor-toggle-icon-opened\"><svg xmlns=\"http:\/\/www.w3.org\/2000\/svg\" id=\"b4b3ebcf-ec50-4f66-89f6-48922246b015\" data-name=\"Layer 1\" width=\"21.9999\" height=\"11.0001\" viewBox=\"0 0 21.9999 11.0001\"><path d=\"M.2745,10.6879a1,1,0,0,0,1.4141.0376l8.8384-8.38L20.35,10.7592a1,1,0,0,0,1.3008-1.5186L11.1432.24A1,1,0,0,0,9.8048.2743l-9.4932,9A1,1,0,0,0,.2745,10.6879Z\" transform=\"translate(-0.0001 0.0001)\"><\/path><\/svg><\/span>\n\t\t\t\t\t\t\t\t\t\t\t\t\t<\/span>\n\t\t\t\t\t\t\t\t\t\t\t\t<a class=\"elementor-toggle-title\" tabindex=\"0\">Puis-je personnaliser l\u2019apparence du NewJukeBox ?<\/a>\n\t\t\t\t\t<\/div>\n\n\t\t\t\t\t<div id=\"elementor-tab-content-9334\" class=\"elementor-tab-content elementor-clearfix\" data-tab=\"4\" role=\"region\" aria-labelledby=\"elementor-tab-title-9334\"><p>Oui, la fa\u00e7ade de NewJukeBox peut \u00eatre personnalis\u00e9e avec un motif ou un logo grav\u00e9 au laser, pour correspondre \u00e0 l\u2019identit\u00e9 de votre \u00e9v\u00e9nement ou entreprise. Il s&#8217;agit d&#8217;une option payante.<\/p><\/div>\n\t\t\t\t<\/div>\n\t\t\t\t\t\t\t<div class=\"elementor-toggle-item\">\n\t\t\t\t\t<div id=\"elementor-tab-title-9335\" class=\"elementor-tab-title\" data-tab=\"5\" role=\"button\" aria-controls=\"elementor-tab-content-9335\" aria-expanded=\"false\">\n\t\t\t\t\t\t\t\t\t\t\t\t<span class=\"elementor-toggle-icon elementor-toggle-icon-right\" aria-hidden=\"true\">\n\t\t\t\t\t\t\t\t\t\t\t\t\t\t\t<span class=\"elementor-toggle-icon-closed\"><svg xmlns=\"http:\/\/www.w3.org\/2000\/svg\" id=\"b965be64-b78b-4cc3-8ce7-fe76fecb7e9c\" data-name=\"Layer 1\" width=\"21.9999\" height=\"11.0001\" viewBox=\"0 0 21.9999 11.0001\"><path d=\"M21.7256.312A1,1,0,0,0,20.3115.2744l-8.8384,8.38L1.65.2407A1,1,0,0,0,.35,1.7593L10.8569,10.76a1,1,0,0,0,1.3384-.0342l9.4932-9A1,1,0,0,0,21.7256.312Z\" transform=\"translate(-0.0001 0.0001)\"><\/path><\/svg><\/span>\n\t\t\t\t\t\t\t\t<span class=\"elementor-toggle-icon-opened\"><svg xmlns=\"http:\/\/www.w3.org\/2000\/svg\" id=\"b4b3ebcf-ec50-4f66-89f6-48922246b015\" data-name=\"Layer 1\" width=\"21.9999\" height=\"11.0001\" viewBox=\"0 0 21.9999 11.0001\"><path d=\"M.2745,10.6879a1,1,0,0,0,1.4141.0376l8.8384-8.38L20.35,10.7592a1,1,0,0,0,1.3008-1.5186L11.1432.24A1,1,0,0,0,9.8048.2743l-9.4932,9A1,1,0,0,0,.2745,10.6879Z\" transform=\"translate(-0.0001 0.0001)\"><\/path><\/svg><\/span>\n\t\t\t\t\t\t\t\t\t\t\t\t\t<\/span>\n\t\t\t\t\t\t\t\t\t\t\t\t<a class=\"elementor-toggle-title\" tabindex=\"0\">Y a-t-il une assistance technique disponible ?<\/a>\n\t\t\t\t\t<\/div>\n\n\t\t\t\t\t<div id=\"elementor-tab-content-9335\" class=\"elementor-tab-content elementor-clearfix\" data-tab=\"5\" role=\"region\" aria-labelledby=\"elementor-tab-title-9335\"><p>Oui, nous offrons une assistance technique durant toute la dur\u00e9e de votre \u00e9v\u00e9nement pour garantir que tout se d\u00e9roule sans accroc. Vous pouvez nous contacter \u00e0 tout moment en cas de besoin.<\/p><\/div>\n\t\t\t\t<\/div>\n\t\t\t\t\t\t\t\t<\/div>\n\t\t\t\t\t\t<\/div>\n\t\t\t\t<\/div>\n\t\t\t\t<\/div>\n\t\t\t\t\t<\/div>\n\t\t\t\t<\/div>\n\t\t\t\t<\/div>\n\t\t","protected":false},"excerpt":{"rendered":"<p>Le juke box qu&#8217;il vous faut Location New Juke Box 350 \u20ac Montage, d\u00e9montage, installation et assistance technique inclus Lumi\u00e8res suppl\u00e9mentaires 100 \u20ac Fa\u00e7ade personnalis\u00e9e \u00e0 partir de 50 \u20ac Machine \u00e0 fum\u00e9e 40 \u20ac Deuxi\u00e8me micro 20 \u20ac F.A.Q. Tout savoir sur New Juke Box Que comprend le NewJukeBox ? NewJukeBox inclut : Du [&hellip;]<\/p>\n","protected":false},"author":3,"featured_media":0,"parent":0,"menu_order":0,"comment_status":"closed","ping_status":"closed","template":"elementor_header_footer","meta":{"footnotes":""},"class_list":["post-36","page","type-page","status-publish","hentry"],"_links":{"self":[{"href":"https:\/\/newjukebox.fr\/index.php\/wp-json\/wp\/v2\/pages\/36","targetHints":{"allow":["GET"]}}],"collection":[{"href":"https:\/\/newjukebox.fr\/index.php\/wp-json\/wp\/v2\/pages"}],"about":[{"href":"https:\/\/newjukebox.fr\/index.php\/wp-json\/wp\/v2\/types\/page"}],"author":[{"embeddable":true,"href":"https:\/\/newjukebox.fr\/index.php\/wp-json\/wp\/v2\/users\/3"}],"replies":[{"embeddable":true,"href":"https:\/\/newjukebox.fr\/index.php\/wp-json\/wp\/v2\/comments?post=36"}],"version-history":[{"count":101,"href":"https:\/\/newjukebox.fr\/index.php\/wp-json\/wp\/v2\/pages\/36\/revisions"}],"predecessor-version":[{"id":506,"href":"https:\/\/newjukebox.fr\/index.php\/wp-json\/wp\/v2\/pages\/36\/revisions\/506"}],"wp:attachment":[{"href":"https:\/\/newjukebox.fr\/index.php\/wp-json\/wp\/v2\/media?parent=36"}],"curies":[{"name":"wp","href":"https:\/\/api.w.org\/{rel}","templated":true}]}}